Let g(c) be the third derivative of c**6/120 + c**5/6 + c**4/24 - 7*c**3/6 - 3081*c**2. Give g(-3).
53
Let l be ((-13 - -2) + 4)*-1. Let m(p) = p - 3. Calculate m(l).
4
Suppose 4*a + 4 = -2*j, -28*j - 5*a + 5 = -23*j. Let h(s) be the first derivative of 7/3*s**3 - 1/4*s**j - 2*s - 3*s**2 + 8. Determine h(6).
-2
Let l(i) = 5*i + 2. Let d(c) = 6*c + 4. Let a(r) = -3*d(r) + 4*l(r). Let w(u) = u - 2. Let k(n) = 5*a(n) - 8*w(n). Determine k(4).
4
Let o(i) = 3*i + 5. Suppose -60*v - 48 = -63*v. Let j(f) = 15*f - 13*f**3 - 4 - v*f**2 + 8*f**3 + 6*f**3. Let m be j(15). Give o(m).
-7
Let q(h) = -5*h - 2. Let k be q(-2). Let r(l) = 2 - 19 - 3*l + 2*l + 25. Give r(k).
0
Suppose 2*w + 11 - 15 = 0. Let s(y) be the first derivative of 7*y**2/2 - 2*y - 1044. What is s(w)?
12
Let y(v) be the third derivative of v**5/60 - v**4/6 + v**3/3 - 3*v**2 - 4*v. Let b(m) = -5*m - 1. Let x be b(4). Let a = 26 + x. Determine y(a).
7
Let i(x) = 5*x + 4 - 5*x - 3*x**2 + x**3 - 8*x. Let u(o) = 2*o**2 - 20*o + 23. Let r be u(9). Calculate i(r).
14
Let t(j) = 2*j - 6. Let s(n) = -13*n - 3. Let w(i) = 28*i + 5. Let a(q) = 7*s(q) + 3*w(q). Let r be a(-8). Suppose -7*o - 1 = -r. Calculate t(o).
8
Suppose k - 78 = -1. Let p = k - 75. Let x be ((-2)/(-3))/((-3)/18*p). Let a(h) = -2*h**2 + h. What is a(x)?
-10
Let i(a) = 53*a - 420. Let f = -22618 + 22626. Give i(f).
4
Let s be (-16 - -12)*(-5)/(-4). Let p(x) = x**3 + 6*x**2 - 2*x - 25. Give p(s).
10
Let z(u) = u**2 - 9*u. Let s be 4/8*(-8 + 18). Suppose 40 = 5*h - 2*c, 4*c = -s*h - 34 + 104. Calculate z(h).
10
Let i(j) = -j**2 + 8*j - 1. Suppose -3*k = -15, 3*k - 33 = -l - 0*l. Let p(z) = z - 9. Let t be p(l). Determine i(t).
-10
Let a = 25719 - 25725. Let h(d) = d**2 - 36*d - 250. Calculate h(a).
2
Let u(x) = 213136 - 213141 + 7*x**2 - 6*x**2. Calculate u(5).
20
Let l(i) = -i**3 + i**2 + i + 2137. Let f be l(0). Let n(m) = 1067*m + 1063*m - f*m + m**2 - 8. Determine n(6).
-14
Let p(g) = g**2 + 2*g - 3. Let s(f) = -6*f - 20. Let m be s(-5). Suppose -m*z + a = -14*z + 8, 2*z + 2*a - 4 = 0. What is p(z)?
5
Let p(z) = -87 + 22 - 32*z + 3*z - 81. What is p(-5)?
-1
Suppose -4*g + g + 14 = -5*d, 0 = 3*d + 12. Let k be (11/(-33) - (-2)/(-3))*(-10 + 6). Let b be -1*k + g/((-2)/2). Let r(s) = 3*s**2 - 3*s - 2. Calculate r(b).
16
Let k(p) = p**3 - 2*p**2 - 26*p + 7. Let g be k(6). Let a(n) = -3*n**2 + n - 5. Calculate a(g).
-85
Let b(i) be the first derivative of 2*i**3/3 - 13*i**2/2 - 23*i + 5125. What is b(7)?
-16
Let k(u) = u**2 + u. Suppose 2*v + 2*v - 1252 = h, -2*v - 2*h = -626. Let r = v - 315. Determine k(r).
2
Let m(l) = -4*l + 7. Let z(d) = 3*d. Let a be z(5). Suppose 51 = -12*q + a. Let f be (-57)/(-9) + 4/q. Calculate m(f).
-13
Let l(q) be the first derivative of -q**4/12 - 2*q**3/3 + 4*q**2 - 3*q + 96. Let x(j) be the second derivative of l(j). Give x(6).
-16
Let d(m) = 40*m + 1138. Let c(k) = -8*k - 212. Let n(a) = 16*c(a) + 3*d(a). Calculate n(-13).
126
Let v(o) = o**3 + 15*o**2 - 18*o - 30. Let b(n) = -n**3 + 4*n**2 - n + 14. Let y be b(5). Let m be v(y). Let l(q) = -q**3 + 4*q - 3. What is l(m)?
-3
Let z(g) = g**2 + 11*g - 6. Let m be (-9305)/(-40) + (-3)/(-8). Let i = 222 - m. Give z(i).
-6
Let x(j) be the third derivative of -j**5/60 + 11*j**4/24 - j**3/2 + j**2. Let t(a) = -160*a - 1115. Let m be t(-7). Determine x(m).
27
Let u = 18255 + -18229. Let n(p) = -p**3 + 23*p**2 + 82*p - 104. Determine n(u).
0
Let j(p) = 5*p**2 + 3*p + 5. Let b be j(0). Let r(n) = -2*n + 19. Let o be r(9). Let q(c) = -o - 1 + 1 - 4*c. Give q(b).
-21
Let d be 1*(-5)/(-1) - 3. Let y(l) = -20*l + 27. Let r(t) = 4*t - 5. Let g(k) = 11*r(k) + 2*y(k). Calculate g(d).
7
Let o be 27/(-2)*(7 + (-38)/6). Let d(w) = w**3 + 10*w**2 - 5. Give d(o).
76
Suppose -2*x - 44 = 232*j - 228*j, -j + 94 = -3*x. Let d(g) = g**3 + 31*g**2 + 27*g - 95. Give d(x).
-5
Let s(h) = -h**3 + 9*h**2 - h - 18. Suppose 9*t - 8*t - 2*y = 0, -5*t = 4*y - 56. Give s(t).
38
Let p(m) be the first derivative of -m**4/8 + 2*m**3 - 11*m**2 + m - 27. Let q(t) be the second derivative of p(t). Determine q(6).
-6
Let a(g) = g**2 - 7*g - 4. Let y = -237 + 258. Suppose y*q - 18*q = 18. Calculate a(q).
-10
Let t(x) be the second derivative of -x**4/12 + 13*x**3/6 - 11*x**2/2 - 1391*x. Determine t(11).
11
Let w(r) = r**3 - 15*r**2 + 16*r + 20. Suppose -16*v + 23*v = 98. Calculate w(v).
48
Let g = -3594 - -3594. Let k(i) = -i**3 + i**2 - 2*i + 3. Calculate k(g).
3
Let b be -2 + 4 - (-1)/(4/8). Let z(o) = -o**3 + 3*o**2 - 4*o + 4. What is z(b)?
-28
Let n(c) = -16*c**2 + 174*c + 15. Suppose 17 = -x + 4*z, 3*x + 19*z - 14*z = 68. Calculate n(x).
-7
Let q(o) = -o - 12. Let p be (-1072 - -2)*(-14)/(-35). Let x = p + 415. Calculate q(x).
1
Let a be (1 + (-4)/3)*(-173 - -218). Let z(l) = l**3 + 14*l**2 - 18*l - 47. What is z(a)?
-2
Let g(w) = 2*w + 36. Suppose -12*z = z + 108 + 139. Determine g(z).
-2
Let w(q) be the third derivative of -q**6/180 + 3*q**5/40 + q**4/12 + 10*q**3 + 65*q**2. Let s(m) be the first derivative of w(m). Determine s(7).
-33
Let b(m) = -m**3 - 52*m**2 - 64*m - 671. Let t be b(-51). Let g(s) = -11*s - 8. Determine g(t).
80
Let s be 242/(-66) + (8 - 2)*(-4)/18. Let b(t) = -2*t**2 - 5*t + 2. Determine b(s).
-23
Let r(l) be the first derivative of -79*l**2/2 + 162*l - 10432. Calculate r(2).
4
Let h(q) = -4*q**2 + 17*q + 5. Let y(t) = -3*t**2 + 16*t + 6. Suppose -3*v + 3*j = 0, 3*v + 5*j - 16 = 4*j. Let s(b) = v*h(b) - 5*y(b). Give s(-9).
17
Let q(r) = 2*r**2 + 7*r + 6. Let t(o) = -733*o + 730*o + 2*o**2 - 10 - 9 + 4. Let d be t(3). Give q(d).
36
Let g(u) = -252*u - 502. Let d be g(-2). Suppose -4*v + 2 = -k - k, -2*k - 3 = -5*v. Let a(s) = -s**2 - v + 2 - 2*s + 2. Calculate a(d).
-5
Let z(q) = -q**3 + 8*q**2 + 684 - 472 - 209 - 9*q**2. Let c(n) be the second derivative of -n**5/20 - n**4/4 - n. Let f be c(-3). Determine z(f).
3
Let w(h) = h**2 + 2*h - 29. Suppose 0 = -313*p + 317*p - 2*b + 46, 0 = 3*p - b + 31. Determine w(p).
19
Let v be (-10)/5 - ((-1 - 2) + -1). Let w(s) = -2*s - 7 + 1 + v + 3*s. Give w(6).
2
Let a(r) = -r + 6. Suppose -19*n = -12*n. Suppose 6*o + n*o + 60 = 0. Let b = o + 13. Determine a(b).
3
Let t(n) = -n**3 + 2*n**2 + 5*n. Let g(f) = f**2 - 11*f + 26. Let k be g(4). Let u be t(k). Let p(z) = z + 1. Calculate p(u).
7
Let i(a) = -a**3 - a**2 + 3*a + 2. Let g(q) = q**3 - 17*q**2 - 39*q + 21. Let n be g(19). Suppose -l + n*c = 9, l + 4*l + 2*c = -9. Determine i(l).
11
Let m(t) = -t**2 - 16*t - 53. Let x be m(-4). Let b(w) = -14*w - 40. Give b(x).
30
Let b(r) = r**3 - 5*r**2 + 5*r - 2. Let p = 36 - 9. Let k = -200 - -113. Let m be (-4)/18 - k/p. Determine b(m).
-5
Let g(a) = -a**3 + 5*a**2 + 12*a + 7. Let o(z) = -203*z + 7314. Let x be o(36). Calculate g(x).
43
Let b(m) be the third derivative of m**5/60 + 7*m**4/24 - m**3/6 + 9*m**2. Suppose 12996 - 13212 = 36*a. What is b(a)?
-7
Let t(p) = -5*p + 103. Suppose 1494 = 6*x + 1380. Calculate t(x).
8
Suppose -3 - 3 = -2*v. Let p(z) = -142 - v*z + 2*z + 2*z + 128. Let s = 289 + -281. Give p(s).
-6
Let q = -477 + 477. Let f(v) = 0 + 2 + q + 0 - 5 + v. Give f(-4).
-7
Let w(q) = 2*q**2 + 8*q + 9. Let l = -12954 + 12951. What is w(l)?
3
Let w be 2/(-6) - (-49)/21. Let l = 2 - w. Let j(t) = -196*t + 18. Let z(r) = 107*r - 9. Let d(q) = 6*j(q) + 11*z(q). Determine d(l).
9
Let x(c) = 6*c + 4. Suppose 15*r - 74 = -29. Determine x(r).
22
Let y(a) be the third derivative of -a**7/2520 + a**6/240 + 7*a**5/120 - 20*a**4/3 + 44*a**2. Let r(f) be the second derivative of y(f). Give r(6).
-11
Suppose -338 = -5*a - 4*c, -3*a = -2*a - c - 64. Let i = a - 61. Suppose -5*u - i*u = -70. Let d(h) = h**3 - 6*h**2 - 8*h - 5. Determine d(u).
-12
Let t be 0/(39 - 30) - (-3)/(-3). Let v(l) = -17*l**2 - 5*l. Let j(h) = 8*h**2 + 2*h. Let f(x) = -7*j(x) - 3*v(x). Calculate f(t).
-6
Let m(w) be the third derivative of w**6/120 + w**5/10 + 5*w**4/24 + w**3/2 + 346*w**2. Let p be (-1 - -3)/((-11)/(330/12)). Calculate m(p).
3
Suppose -72*f = -5*i - 71*f - 8, 0 = 2*f + 4. Let d(q) = -3*q**2 + 4. Calculate d(i).
-8
Let v(t) = -t**2 - 3*t + 3. Let m(l) be the third derivative of -l**5/60 + 5*l**4/8 + 22*l**3/3 + 33*l**2. Let z be m(18). Let g = z + 12. Calculate v(g).
-7
Let b(u) = u + 9. Let c = 41 - 42. Let p be c + -5*(2 - 3). Suppose -p*f + 13